{"id":448,"date":"2014-02-06T16:30:37","date_gmt":"2014-02-06T15:30:37","guid":{"rendered":"http:\/\/werratal.bplaced.net\/wordpress\/?page_id=448"},"modified":"2021-08-19T12:57:54","modified_gmt":"2021-08-19T11:57:54","slug":"schriftenreihe-des-werratalvereins-witzenhausen","status":"publish","type":"page","link":"https:\/\/werratal.bplaced.net\/wordpress\/schriftenreihe-des-werratalvereins-witzenhausen\/","title":{"rendered":"Schriftenreihe des WTV Witzenhausen"},"content":{"rendered":"<p>Die Schriftenreihe des Werratalvereins Witzenhausen hat ihren Ursprung im Jahr 1912 mit der &#8222;<em>Wegekarte von der Umgegend der Stadt Witzenhausen f\u00fcr den Wanderer, mit erl\u00e4uternden Bemerkungen<\/em>&#8220; von Wilhelm K\u00f6rber. Dieses Heft erschien bis 1950 in vier Auflagen.<\/p>\n<p>Seit 1979 erscheinen wieder in unregelm\u00e4\u00dfigen Abst\u00e4nden neue B\u00fccher, die Themen aus der regionalen Geschichte, Flora und Fauna behandeln. Bis jetzt sind 43 B\u00fccher und Hefte erschienen, die zum Teil schon vergriffen sind.<\/p>\n<p>V = vergriffen; B = beziehbar<\/p>\n<h2 class=\"wp-table-reloaded-table-name-id-1 wp-table-reloaded-table-name\">Titel der Schriftenreihe<\/h2>\n\n<table id=\"wp-table-reloaded-id-1-no-1\" class=\"wp-table-reloaded wp-table-reloaded-id-1\">\n<thead>\n\t<tr class=\"row-1 odd\">\n\t\t<th class=\"column-1\">V<\/th><th class=\"column-2\">B<\/th><th class=\"column-3\">  Heft<\/th><th class=\"column-4\">Titel<\/th><th class=\"column-5\">Preis<\/th>\n\t<\/tr>\n<\/thead>\n<tbody class=\"row-hover\">\n\t<tr class=\"row-2 even\">\n\t\t<td class=\"column-1\"><\/td><td class=\"column-2\">X<\/td><td class=\"column-3\">Heft 1<\/td><td class=\"column-4\">Wilhelm K\u00d6RBER: <br \/>\r\nWegekarte von der Umgegend der Stadt Witzenhausen f\u00fcr den Wanderer, mit erl\u00e4uternden Bemerkungen.<br \/>\r\nWitzenhausen 1912\/1920\/1932\/1950<\/td><td class=\"column-5\">4,90 \u20ac<\/td>\n\t<\/tr>\n\t<tr class=\"row-3 odd\">\n\t\t<td class=\"column-1\">X<\/td><td class=\"column-2\"><\/td><td class=\"column-3\">Heft 2<\/td><td class=\"column-4\">Artur K\u00dcNZEL: <br \/>\r\nWitzenhausen bei Kriegsende 1945 - Die Aufzeichnungen des damaligen B\u00fcrgermeisters Fritz Knipp und Eintragungen aus dem Kriegstagebuch Ferdinand Trautvetter<br \/>\r\nWitzenhausen 1979<\/td><td class=\"column-5\">--<\/td>\n\t<\/tr>\n\t<tr class=\"row-4 even\">\n\t\t<td class=\"column-1\">X<\/td><td class=\"column-2\"><\/td><td class=\"column-3\">Heft 3<\/td><td class=\"column-4\">Artur K\u00dcNZEL: <br \/>\r\nWitzenhausen 1938 bis 1948 - Das Kriegstagebuch Ferdinand Trautvetter <br \/>\r\nWitzenhausen 1980<\/td><td class=\"column-5\">--<\/td>\n\t<\/tr>\n\t<tr class=\"row-5 odd\">\n\t\t<td class=\"column-1\">X<\/td><td class=\"column-2\"><\/td><td class=\"column-3\">Heft 4<\/td><td class=\"column-4\">Artur K\u00dcNZEL: <br \/>\r\nBeitr\u00e4ge zur j\u00fcngsten Geschichte der Stadt Witzenhausen <br \/>\r\nWitzenhausen 1981<\/td><td class=\"column-5\">--<\/td>\n\t<\/tr>\n\t<tr class=\"row-6 even\">\n\t\t<td class=\"column-1\"><\/td><td class=\"column-2\">X<\/td><td class=\"column-3\">Heft 5<\/td><td class=\"column-4\">G\u00f6tz L\u00c4TSCH \/ Jacob MAURER: <br \/>\r\nDas Naturschutzgebiet \"Freudenthal bei Witzenhausen\" - Eine erste Beschreibung und Bestandsaufnahme<br \/>\r\nWitzenhausen 1982<\/td><td class=\"column-5\">2,50 \u20ac<\/td>\n\t<\/tr>\n\t<tr class=\"row-7 odd\">\n\t\t<td class=\"column-1\">X<\/td><td class=\"column-2\"><\/td><td class=\"column-3\">Heft 6<\/td><td class=\"column-4\">Werner EISENBERG: <br \/>\r\nSechs Jahrzehnte Heilfasten in Witzenhausen<br \/>\r\nWitzenhausen 1982<\/td><td class=\"column-5\">--<\/td>\n\t<\/tr>\n\t<tr class=\"row-8 even\">\n\t\t<td class=\"column-1\"><\/td><td class=\"column-2\"><\/td><td class=\"column-3\">Heft 7<\/td><td class=\"column-4\">Artur K\u00dcNZEL: <br \/>\r\nWitzenhausen und Umgebung - Beitr\u00e4ge zur Geschichte und Naturkunde. Festschrift zum 100j\u00e4hrigen Bestehen des Werratalvereins Witzenhausen, 1883-1983<br \/>\r\nWitzenhausen 1983<\/td><td class=\"column-5\"><\/td>\n\t<\/tr>\n\t<tr class=\"row-9 odd\">\n\t\t<td class=\"column-1\"><\/td><td class=\"column-2\">X<\/td><td class=\"column-3\">Heft 8<\/td><td class=\"column-4\">Winfried MOGGE: <br \/>\r\nWanderer und Zeitgenossen - Unkonventionelle Gedanken zur Hundertjahrfeier des Werratalvereins<br \/>\r\nWitzenhausen 1983<\/td><td class=\"column-5\">3,00 \u20ac<\/td>\n\t<\/tr>\n\t<tr class=\"row-10 even\">\n\t\t<td class=\"column-1\"><\/td><td class=\"column-2\">X<\/td><td class=\"column-3\">Heft 9<\/td><td class=\"column-4\">Albrecht ECKHARDT: <br \/>\r\nJustizrat Wilhelm Eckhardt (1871 - 1934) - Ein Witzenh\u00e4user aus Neigung<br \/>\r\nWitzenhausen 1983<\/td><td class=\"column-5\">2,00 \u20ac<\/td>\n\t<\/tr>\n\t<tr class=\"row-11 odd\">\n\t\t<td class=\"column-1\">X<\/td><td class=\"column-2\"><\/td><td class=\"column-3\">Heft 10<\/td><td class=\"column-4\">Thomas WIEGAND: <br \/>\r\nB\u00e4ume aus dem Werraland - Eine Fotodokumentation<br \/>\r\nWitzenhausen 1984<\/td><td class=\"column-5\">--<\/td>\n\t<\/tr>\n\t<tr class=\"row-12 even\">\n\t\t<td class=\"column-1\">X<\/td><td class=\"column-2\"><\/td><td class=\"column-3\">Heft 11<\/td><td class=\"column-4\">Wolfram BRAUNEIS: <br \/>\r\nDer Wanderfalke an Werra und Mei\u00dfner - Auswilderungs- und Wiederansiedlungserfolge<br \/>\r\nWitzenhausen 1984<\/td><td class=\"column-5\">--<\/td>\n\t<\/tr>\n\t<tr class=\"row-13 odd\">\n\t\t<td class=\"column-1\">X<\/td><td class=\"column-2\"><\/td><td class=\"column-3\">Heft 12<\/td><td class=\"column-4\">Hans K\u00d6RNER: <br \/>\r\nDie Familie von Hanstein auf dem Eichsfeld im Zeitalter der Reformation und Gegenreformation<br \/>\r\nWitzenhausen 1985;1987<\/td><td class=\"column-5\">--<\/td>\n\t<\/tr>\n\t<tr class=\"row-14 even\">\n\t\t<td class=\"column-1\"><\/td><td class=\"column-2\">X<\/td><td class=\"column-3\">Heft 13<\/td><td class=\"column-4\">Herbert REYER \/ Hans-Georg STEPHAN: <br \/>\r\nWitzenhausen im sp\u00e4ten Mittelalter und in der fr\u00fchen Neuzeit - arch\u00e4ologische, wirtschafts- und sozialgeschichtliche Aspekte<br \/>\r\nWitzenhausen 1985<\/td><td class=\"column-5\">4,50 \u20ac<\/td>\n\t<\/tr>\n\t<tr class=\"row-15 odd\">\n\t\t<td class=\"column-1\">X<\/td><td class=\"column-2\"><\/td><td class=\"column-3\">Heft 14<\/td><td class=\"column-4\">Wolfram BRAUNEIS: <br \/>\r\nDie Vogelwelt des Werra-Mei\u00dfner-Kreises - Eine erste Avifauna dieses Gebietes<br \/>\r\nWitzenhausen 1985<\/td><td class=\"column-5\">--<\/td>\n\t<\/tr>\n\t<tr class=\"row-16 even\">\n\t\t<td class=\"column-1\"><\/td><td class=\"column-2\"><\/td><td class=\"column-3\">Heft 15<\/td><td class=\"column-4\">Herbert REYER: <br \/>\r\nDie \u00e4ltesten Abbildungen der Stadt Witzenhausen (mit einem Exkurs: Ortschaften und Burgen des Werratals auf einer Karte des 16. Jahrhunderts)<br \/>\r\nWitzenhausen 1986<\/td><td class=\"column-5\"><\/td>\n\t<\/tr>\n\t<tr class=\"row-17 odd\">\n\t\t<td class=\"column-1\"><\/td><td class=\"column-2\">X<\/td><td class=\"column-3\">Heft 16<\/td><td class=\"column-4\">Herbert REYER: <br \/>\r\nWerraland - Grenzland damals und heute<br \/>\r\nWitzenhausen 1987<br \/>\r\nNeuauflage 2014<\/td><td class=\"column-5\">4,90 \u20ac<\/td>\n\t<\/tr>\n\t<tr class=\"row-18 even\">\n\t\t<td class=\"column-1\"><\/td><td class=\"column-2\">X<\/td><td class=\"column-3\">Heft 17<\/td><td class=\"column-4\">Herbert REYER \/ Hans-Georg STEPHAN: <br \/>\r\nDer Ziegelhof in Witzenhausen, ein kommunaler Gewerbebetrieb des sp\u00e4ten Mittelalters und der fr\u00fchen Neuzeit - Ergebnisse arch\u00e4ologischer und historischer Forschung<br \/>\r\nWitzenhausen 1988<\/td><td class=\"column-5\">4,50 \u20ac<\/td>\n\t<\/tr>\n\t<tr class=\"row-19 odd\">\n\t\t<td class=\"column-1\"><\/td><td class=\"column-2\">X<\/td><td class=\"column-3\">Heft 18<\/td><td class=\"column-4\">Ernst BAIER \/ Cord PEPPLER: <br \/>\r\nDie Pflanzenwelt des Altkreises Witzenhausen mit Mei\u00dfner und Kaufunger Wald - Eine erste Flora dieses Gebietes<br \/>\r\nWitzenhausen 1988<\/td><td class=\"column-5\">8,00 \u20ac<\/td>\n\t<\/tr>\n\t<tr class=\"row-20 even\">\n\t\t<td class=\"column-1\"><\/td><td class=\"column-2\">X<\/td><td class=\"column-3\">Heft 19<\/td><td class=\"column-4\">Herbert REYER: <br \/>\r\nDas Sommermannsche Haus - Beitr\u00e4ge zur Geschichte des Hauses Ermschwerder Stra\u00dfe 17 in Witzenhausen und seiner Besitzer<br \/>\r\nWitzenhausen 1988<\/td><td class=\"column-5\">3,00 \u20ac<\/td>\n\t<\/tr>\n\t<tr class=\"row-21 odd\">\n\t\t<td class=\"column-1\"><\/td><td class=\"column-2\">X<\/td><td class=\"column-3\">Heft 20<\/td><td class=\"column-4\">Paul FECHNER: <br \/>\r\nEine Flurnamen-Sammlung von Witzenhausen und seinen 16 Stadtteilen<br \/>\r\nWitzenhausen 1989<\/td><td class=\"column-5\">3,00 \u20ac<\/td>\n\t<\/tr>\n\t<tr class=\"row-22 even\">\n\t\t<td class=\"column-1\">X<\/td><td class=\"column-2\"><\/td><td class=\"column-3\">Heft 21<\/td><td class=\"column-4\">Werner KELLER: <br \/>\r\nDeutschland einig Vaterland - Eine Fotodokumentation von Ereignissen im hessisch-eichsfeldischen Grenzgebiet, November 1989 - Februar 1990<br \/>\r\nWitzenhausen 1990<\/td><td class=\"column-5\">--<\/td>\n\t<\/tr>\n\t<tr class=\"row-23 odd\">\n\t\t<td class=\"column-1\"><\/td><td class=\"column-2\">X<\/td><td class=\"column-3\">Heft 22<\/td><td class=\"column-4\">Werner KELLER: <br \/>\r\nDeutschland einig Vaterland - Eine Fotodokumentation \u00fcber das Ende der DDR im eichsfeldisch-hessischen Grenzgebiet, November 1989 - 3. Oktober 1990<br \/>\r\nWitzenhausen 1991<\/td><td class=\"column-5\">8,90 \u20ac<\/td>\n\t<\/tr>\n\t<tr class=\"row-24 even\">\n\t\t<td class=\"column-1\">X<\/td><td class=\"column-2\"><\/td><td class=\"column-3\">Heft 23<\/td><td class=\"column-4\">Hans-Georg STEPHAN: <br \/>\r\nKacheln aus dem Werraland - Die Entwicklung der Ofenkacheln vom 13. bis 17. Jahrhundert im unteren Werra-Raum<br \/>\r\nWitzenhausen 1991<\/td><td class=\"column-5\">--<\/td>\n\t<\/tr>\n\t<tr class=\"row-25 odd\">\n\t\t<td class=\"column-1\"><\/td><td class=\"column-2\"><\/td><td class=\"column-3\">Heft 24<\/td><td class=\"column-4\">Artur K\u00dcNZEL: <br \/>\r\nBeitr\u00e4ge zur Geschichte und Naturkunde der Region Witzenhausen<br \/>\r\nWitzenhausen 1993<\/td><td class=\"column-5\"><\/td>\n\t<\/tr>\n\t<tr class=\"row-26 even\">\n\t\t<td class=\"column-1\">X<\/td><td class=\"column-2\"><\/td><td class=\"column-3\">Heft 25<\/td><td class=\"column-4\">Klaus AMLUNG: <br \/>\r\nRelatio ex Parnasso de Vino Wizenhusano, von Beatus Rhenanus (Eine satirische Abhandlung \u00fcber den Witzenh\u00e4user Wein)<br \/>\r\nWitzenhausen 1994<\/td><td class=\"column-5\">--<\/td>\n\t<\/tr>\n\t<tr class=\"row-27 odd\">\n\t\t<td class=\"column-1\">X<\/td><td class=\"column-2\"><\/td><td class=\"column-3\">Heft 26<\/td><td class=\"column-4\">Eduard FRITZE: <br \/>\r\nStruth am 7. April 1945 - die letzten Kriegstage im Eichsfeld<br \/>\r\nWitzenhausen 1995<\/td><td class=\"column-5\">--<\/td>\n\t<\/tr>\n\t<tr class=\"row-28 even\">\n\t\t<td class=\"column-1\"><\/td><td class=\"column-2\">X<\/td><td class=\"column-3\">Heft 27<\/td><td class=\"column-4\">Werratalverein Witzenhausen (Hg.): <br \/>\r\n150 Jahre Krankenhaus in Witzenhausen<br \/>\r\nWitzenhausen 1995<\/td><td class=\"column-5\">5,00 \u20ac<\/td>\n\t<\/tr>\n\t<tr class=\"row-29 odd\">\n\t\t<td class=\"column-1\"><\/td><td class=\"column-2\">X<\/td><td class=\"column-3\">Heft 28<\/td><td class=\"column-4\">Karlfritz SAALFELD: <br \/>\r\nKleindenkm\u00e4ler im Werra-Mei\u00dfner-Kreis, eine erste Dokumentation<br \/>\r\nWitzenhausen 1995<\/td><td class=\"column-5\">10,00 \u20ac<\/td>\n\t<\/tr>\n\t<tr class=\"row-30 even\">\n\t\t<td class=\"column-1\"><\/td><td class=\"column-2\">X<\/td><td class=\"column-3\">Heft 29<\/td><td class=\"column-4\">Jens B\u00d6HLKE: <br \/>\r\nZur Geschichte der Deutschen Kolonialschule in Witzenhausen - Aspekte ihres Entstehens und Wirkens<br \/>\r\nWitzenhausen 1995<\/td><td class=\"column-5\">12,00 \u20ac<\/td>\n\t<\/tr>\n\t<tr class=\"row-31 odd\">\n\t\t<td class=\"column-1\">X<\/td><td class=\"column-2\"><\/td><td class=\"column-3\">Heft 30<\/td><td class=\"column-4\">Elfriede KRETHER: <br \/>\r\nRund um den Kump - Geschichten aus dem alten Witzenhausen<br \/>\r\nWitzenhausen 1995<\/td><td class=\"column-5\">--<\/td>\n\t<\/tr>\n\t<tr class=\"row-32 even\">\n\t\t<td class=\"column-1\">X<\/td><td class=\"column-2\"><\/td><td class=\"column-3\">Heft 31<\/td><td class=\"column-4\">Wolfram BRAUNEIS: <br \/>\r\nDer Wanderfalke in Mitteldeutschland - gelungene Wiederansiedlung durch ein Auswilderungsprojekt<br \/>\r\nWitzenhausen 1996<\/td><td class=\"column-5\">--<\/td>\n\t<\/tr>\n\t<tr class=\"row-33 odd\">\n\t\t<td class=\"column-1\"><\/td><td class=\"column-2\">X<\/td><td class=\"column-3\">Heft 32<\/td><td class=\"column-4\">Matthias ROEPER: <br \/>\r\n75 Jahre Stadtwerke Witzenhausen<br \/>\r\nWitzenhausen 1996<\/td><td class=\"column-5\">3,00 \u20ac<\/td>\n\t<\/tr>\n\t<tr class=\"row-34 even\">\n\t\t<td class=\"column-1\">X<\/td><td class=\"column-2\"><\/td><td class=\"column-3\">Heft 33<\/td><td class=\"column-4\">Herbert REYER: <br \/>\r\nDas Witzenh\u00e4user Rathaus und sein Umbau am Ende des 16. Jahrhunderts. Mit einer Edition der st\u00e4dtischen Baurechnung von 1590<br \/>\r\nWitzenhausen 1997<\/td><td class=\"column-5\">--<\/td>\n\t<\/tr>\n\t<tr class=\"row-35 odd\">\n\t\t<td class=\"column-1\"><\/td><td class=\"column-2\"><\/td><td class=\"column-3\">Heft 34<\/td><td class=\"column-4\">Wolfram BRAUNEIS: <br \/>\r\nVerzeichnis der Vogelarten im Werra-Mei\u00dfner-Kreis, mit Angaben zum Gef\u00e4hrdungsgrad<br \/>\r\nWitzenhausen 1997<\/td><td class=\"column-5\"><\/td>\n\t<\/tr>\n\t<tr class=\"row-36 even\">\n\t\t<td class=\"column-1\"><\/td><td class=\"column-2\"><\/td><td class=\"column-3\">Heft 35<\/td><td class=\"column-4\">Wolfgang SCHULIN: <br \/>\r\nKiesabbau im Werratal - eiene Landschaft wird ver\u00e4ndert<br \/>\r\nWitzenhausen 1998<\/td><td class=\"column-5\"><\/td>\n\t<\/tr>\n\t<tr class=\"row-37 odd\">\n\t\t<td class=\"column-1\"><\/td><td class=\"column-2\">X<\/td><td class=\"column-3\">Heft 36<\/td><td class=\"column-4\">Wolfram BRAUNEIS: <br \/>\r\nDer Wei\u00dfstorch in Hessen - Ein Beitrag zur Verbreitung und zum Vorkommen von der Vergangenheit bis zur Gegenwart<br \/>\r\nWitzenhausen 1999<\/td><td class=\"column-5\">8,00 \u20ac<\/td>\n\t<\/tr>\n\t<tr class=\"row-38 even\">\n\t\t<td class=\"column-1\"><\/td><td class=\"column-2\">X<\/td><td class=\"column-3\">Heft 37<\/td><td class=\"column-4\">Susanne HAHN: <br \/>\r\nDie Witzenh\u00e4user Wunderkammer - Darstellung einiger Kulturg\u00fcter aus der \"Kasseler Landgrafensammlung\" im V\u00f6lkerkundlichen Museum in Witzenhausen<br \/>\r\nWitzenhausen 2000<\/td><td class=\"column-5\">8,00 \u20ac<\/td>\n\t<\/tr>\n\t<tr class=\"row-39 odd\">\n\t\t<td class=\"column-1\"><\/td><td class=\"column-2\">X<\/td><td class=\"column-3\">Heft 38<\/td><td class=\"column-4\">Karlheinz GOTTSCHALK: <br \/>\r\nDie Tagfalterfauna des Werra-Mei\u00dfner-Kreises<br \/>\r\nWitzenhausen 2003<\/td><td class=\"column-5\">12,00 \u20ac<\/td>\n\t<\/tr>\n\t<tr class=\"row-40 even\">\n\t\t<td class=\"column-1\"><\/td><td class=\"column-2\">X<\/td><td class=\"column-3\">Heft 39<\/td><td class=\"column-4\">Ernst BAIER \/ Cord PEPPLER-LISBACH \/ Volker SAHLFRANK: <br \/>\r\nDie Pflanzenwelt des Altkreises Witzenhausen mit Mei\u00dfner und Kaufunger Wald<br \/>\r\n2. Auflage, Witzenhausen 2005<\/td><td class=\"column-5\">15,00 \u20ac<\/td>\n\t<\/tr>\n\t<tr class=\"row-41 odd\">\n\t\t<td class=\"column-1\"><\/td><td class=\"column-2\">X<\/td><td class=\"column-3\">Heft 40<\/td><td class=\"column-4\">Jacob MAURER: <br \/>\r\nWitzenhausen im Werraland - Festschrift zum 125-j\u00e4hrigen Bestehen des Werratalvereins Witzenhausen e.V.<br \/>\r\nWitzenhausen 2008<\/td><td class=\"column-5\">19,95 \u20ac<\/td>\n\t<\/tr>\n\t<tr class=\"row-42 even\">\n\t\t<td class=\"column-1\"><\/td><td class=\"column-2\">X<\/td><td class=\"column-3\">Heft_41<\/td><td class=\"column-4\">Herbert FRITSCHE \/ Herbert REYER, Jacob MAURER (Herausg.): <br \/>\r\nWandern im Werraland damals und heute - Festreden zum 125-j\u00e4hrigen Bestehen des Werratalvereins<br \/>\r\nWitzenhausen 2009<\/td><td class=\"column-5\">9,80 \u20ac<\/td>\n\t<\/tr>\n\t<tr class=\"row-43 odd\">\n\t\t<td class=\"column-1\">X<\/td><td class=\"column-2\"><\/td><td class=\"column-3\">Heft_42<\/td><td class=\"column-4\">Wolfram BRAUNEIS:<br \/>\r\nAllgemeiner Vogelf\u00fchrer durch den Werra-Mei\u00dfner-Kreis<br \/>\r\nWitzenhausen 2016<\/td><td class=\"column-5\">16,90 \u20ac<\/td>\n\t<\/tr>\n\t<tr class=\"row-44 even\">\n\t\t<td class=\"column-1\"><\/td><td class=\"column-2\">X<\/td><td class=\"column-3\">Heft 43<\/td><td class=\"column-4\">Wolfgang HELLMUND:<br \/>\r\nWitzenhausen im Werra-Bergland  -  ein Wanderf\u00fchrer f\u00fcr die Region der Kirschenstadt<br \/>\r\n\u00dcberarbeitete Neuauflage Witzenhausen 2019<\/td><td class=\"column-5\">9,50 \u20ac<\/td>\n\t<\/tr>\n\t<tr class=\"row-45 odd\">\n\t\t<td class=\"column-1\"><\/td><td class=\"column-2\">X<\/td><td class=\"column-3\">Heft 44<\/td><td class=\"column-4\">Wolfram BRAUNEIS:<br \/>\r\nDer Uhu in Hessen<br \/>\r\nVorkommen-Verbreitung-Bestandsschutz<br \/>\r\nWitzenhausen 2021<\/td><td class=\"column-5\">9,90 \u20ac<\/td>\n\t<\/tr>\n\t<tr class=\"row-46 even\">\n\t\t<td class=\"column-1\"><\/td><td class=\"column-2\">X<\/td><td class=\"column-3\"><\/td><td class=\"column-4\">Wolfgang Hellmund: <br \/>\r\nWitzenhausen im Werra-Bergland - ein Wanderf\u00fchrer f\u00fcr die Region der Kirschenstadt<br \/>\r\nWitzenhausen 1995<\/td><td class=\"column-5\">2,00 \u20ac<\/td>\n\t<\/tr>\n\t<tr class=\"row-47 odd\">\n\t\t<td class=\"column-1\"><\/td><td class=\"column-2\">X<\/td><td class=\"column-3\"><\/td><td class=\"column-4\">Jacob Maurer: <br \/>\r\nGeologische Wanderung im Werra-Schiefer-Gebirge<br \/>\r\nReprint 2009<\/td><td class=\"column-5\">3,00 \u20ac<\/td>\n\t<\/tr>\n<\/tbody>\n<\/table>\n\n<p>&nbsp;<\/p>\n<p><a href=\"https:\/\/werratal.bplaced.net\/wordpress\/wp-content\/uploads\/2016\/04\/Flyer_3_Buecher.pdf\" target=\"_blank\">Flyer &#8222;Naturkundliche B\u00fccher&#8220;<\/a><\/p>\n<h3>Related Images:<\/h3>","protected":false},"excerpt":{"rendered":"<p>Die Schriftenreihe des Werratalvereins Witzenhausen hat ihren Ursprung im Jahr 1912 mit der &#8222;Wegekarte von der Umgegend der Stadt Witzenhausen f\u00fcr den Wanderer, mit erl\u00e4uternden Bemerkungen&#8220; von Wilhelm K\u00f6rber. Dieses Heft erschien bis 1950 in vier Auflagen. Seit 1979 erscheinen <a class=\"more-link\" href=\"https:\/\/werratal.bplaced.net\/wordpress\/schriftenreihe-des-werratalvereins-witzenhausen\/\"><span class=\"screen-reader-text\">  Schriftenreihe des WTV Witzenhausen<\/span> weiterlesen<span class=\"meta-nav\">&rarr;<\/span><\/a><\/p>\n","protected":false},"author":1,"featured_media":0,"parent":0,"menu_order":0,"comment_status":"open","ping_status":"open","template":"","meta":{"ngg_post_thumbnail":0,"footnotes":""},"class_list":["post-448","page","type-page","status-publish","hentry"],"_links":{"self":[{"href":"https:\/\/werratal.bplaced.net\/wordpress\/wp-json\/wp\/v2\/pages\/448","targetHints":{"allow":["GET"]}}],"collection":[{"href":"https:\/\/werratal.bplaced.net\/wordpress\/wp-json\/wp\/v2\/pages"}],"about":[{"href":"https:\/\/werratal.bplaced.net\/wordpress\/wp-json\/wp\/v2\/types\/page"}],"author":[{"embeddable":true,"href":"https:\/\/werratal.bplaced.net\/wordpress\/wp-json\/wp\/v2\/users\/1"}],"replies":[{"embeddable":true,"href":"https:\/\/werratal.bplaced.net\/wordpress\/wp-json\/wp\/v2\/comments?post=448"}],"version-history":[{"count":52,"href":"https:\/\/werratal.bplaced.net\/wordpress\/wp-json\/wp\/v2\/pages\/448\/revisions"}],"predecessor-version":[{"id":499,"href":"https:\/\/werratal.bplaced.net\/wordpress\/wp-json\/wp\/v2\/pages\/448\/revisions\/499"}],"wp:attachment":[{"href":"https:\/\/werratal.bplaced.net\/wordpress\/wp-json\/wp\/v2\/media?parent=448"}],"curies":[{"name":"wp","href":"https:\/\/api.w.org\/{rel}","templated":true}]}}